e t(36).
963
Let p(n) = 183*n**2 + 1090*n - 43. What is p(-6)?
5
Let i(g) = g**3 - 27*g**2 + 50*g - 195. What is i(23)?
-1161
Let v(j) = j**3 - 53*j**2 + 675*j + 428. Calculate v(21).
491
Let t(p) = -2*p**3 + 34*p**2 - 119*p + 15. What is t(5)?
20
Let x(u) = -36*u**3 + 168*u**2 + 759*u + 14. What is x(-4)?
1970
Let v(k) = 803*k**2 + 3738*k - 4. Calculate v(-4).
-2108
Let s(z) = -129*z**2 + 3659*z - 694. Give s(28).
622
Let v(k) = 98*k**2 + 8523*k - 170. Determine v(-87).
91
Let j(d) = -181*d + 1734. Determine j(5).
829
Let v(n) = n**3 + 856*n**2 - 21124*n - 3534. What is v(-880)?
-14
Let a(j) = 2164*j + 173125. Give a(-80).
5
Let n(x) = -7312*x - 109644. What is n(-15)?
36
Let j(l) = 332*l + 66238. Calculate j(-203).
-1158
Let k(m) = -54*m**3 - 470*m**2 + 8*m + 63. Determine k(-9).
1287
Let t(i) = -9685*i + 12629227. What is t(1304)?
-13
Let m(a) = a**3 - 270*a**2 + 2081*a + 3931. Give m(262).
1
Let h(d) = 73*d + 5499. What is h(-39)?
2652
Let v(q) = -3*q**3 + 16*q**2 + 20*q - 29. Determine v(-2).
19
Let p(a) = -1259196*a + 2518376. Give p(2).
-16
Let i(p) = -p**2 - 40*p + 1568. What is i(-68)?
-336
Let i(m) = -m**2 - 2194*m - 571364. Calculate i(-302).
20
Let p(g) = -g**3 - 332*g**2 - 2819*g - 73538. Determine p(-324).
10
Let m(x) = 136*x + 4014. Calculate m(-10).
2654
Let v(d) = d**3 - 10*d**2 + 29*d - 264. Determine v(8).
-160
Let h(v) = -v**3 - 23*v**2 + 20*v + 8. Give h(1).
4
Let c(t) = -3*t**3 - 4450*t**2 - 8902*t + 5. Give c(-2).
33
Let n(r) = -107*r**2 + 1967*r - 243. Calculate n(19).
-1497
Let n(m) = 3*m**3 - 175*m**2 + 1694*m + 384. Determine n(46).
16
Let b(v) = 2*v**3 - 120*v**2 + 1274*v + 613. Determine b(46).
-31
Let k(u) = 3*u**3 + 199*u**2 - 116*u - 60. Give k(-67).
-1266
Let o(r) = 3485*r - 17587. What is o(5)?
-162
Let x(p) = -64*p**2 - 30686*p + 16324. What is x(-480)?
4
Let l(f) = f**3 + 70*f**2 + 743*f + 1387. Give l(-10).
-43
Let j(w) = w**3 - 1640*w**2 + 48285*w + 471. Determine j(30).
21
Let m(r) = -1107211*r + 19929802. Determine m(18).
4
Let d(l) = -5547*l - 3611084. What is d(-651)?
13
Let i(u) = 9421*u + 28506. What is i(-3)?
243
Let l(m) = -1005*m + 52558. What is l(54)?
-1712
Let r(t) = t**2 + 1289*t + 165. What is r(0)?
165
Let s(h) = -5913*h - 230635. Give s(-39).
-28
Let w(h) = -h**2 + 1773*h - 22841. Give w(13).
39
Let l(x) = -58*x + 1017. Give l(50).
-1883
Let o(m) = -2*m**2 - 2770*m - 421397. Calculate o(-174).
31
Let w(l) = l**3 - 114*l**2 + 2568*l + 400. Give w(83).
-15
Let f(d) = -39772*d - 79159. Determine f(-2).
385
Let j(g) = -2*g**3 + 1153*g**2 + 1867*g - 76868. Calculate j(578).
6
Let b(w) = 5*w**2 - 109*w + 1620. Give b(14).
1074
Let d(y) = 5*y**2 - 1011*y + 6801. Calculate d(195).
-219
Let n(p) = -p**3 - 24*p**2 - 5452*p - 136933. Calculate n(-25).
-8
Let d(x) = 2*x**3 + 146*x**2 - 2034*x - 66. Determine d(12).
6
Let i(l) = l**3 + 103*l**2 - 3827*l - 20822. Give i(-131).
7
Let v(f) = 49*f**2 + 25871*f - 505. Give v(-528).
23
Let x(k) = 1137*k + 266059. Give x(-234).
1
Let l(g) = -84*g**3 - 674*g**2 - 86. What is l(-8)?
-214
Let z(g) = -1412*g + 50867. Give z(36).
35
Let i(w) = 15610*w + 1092700. Calculate i(-70).
0
Let y(l) = 3*l**3 - 10*l**2 - 79*l + 275. Determine y(5).
5
Let v(i) = -11310*i - 226134. What is v(-20)?
66
Let x(f) = 19*f**2 - 1065*f - 5787. Determine x(-5).
13
Let i(g) = -36989*g - 148958. Determine i(-4).
-1002
Let a(t) = 461*t**2 - 5051*t - 104. Calculate a(11).
116
Let i(h) = -18*h**3 - 608*h**2 + 32*h - 3278. Give i(-34).
258
Let h(q) = q**2 - 38775*q + 968748. Give h(25).
-2
Let t(g) = -g**3 - 14*g**2 + 143*g - 114. Calculate t(7).
-142
Let n(d) = -d**3 - 22*d**2 + 1695*d + 33271. Give n(-19).
-17
Let f(z) = -z**3 - 5*z**2 - 4793*z - 38534. Determine f(-8).
2
Let z(f) = 734*f - 4795. Give z(7).
343
Let k(m) = 1767*m - 65390. Determine k(37).
-11
Let c(u) = -4259*u + 225803. Calculate c(53).
76
Let d(a) = 847*a + 60988. Give d(-72).
4
Let a(c) = -8417*c + 8556. Determine a(1).
139
Let h(t) = t**3 - 71*t**2 + 1228*t - 257. Calculate h(29).
33
Let y(r) = -20*r**2 - 2489*r - 4973. Give y(-2).
-75
Let a(r) = -r**2 + 282*r - 8818. Determine a(37).
247
Let t(y) = -10975*y + 142670. Give t(13).
-5
Let o(m) = m**3 - 2*m**2 - 80*m + 676. Give o(6).
340
Let x(n) = -34*n**3 + 476*n**2 + 3637*n - 50909. Give x(14).
9
Let x(v) = -2*v**2 - 11268*v + 123863. Calculate x(11).
-327
Let p(a) = 315*a + 16577. What is p(-44)?
2717
Let r(v) = v**2 - 11078*v + 143850. Calculate r(13).
5
Let w(d) = -5*d**2 + 6389*d - 1166923. Determine w(1057).
5
Let s(l) = -3*l**3 + 264*l**2 - 232*l - 2530. What is s(87)?
-7
Let o(w) = -4*w**2 - 635*w - 4430. Calculate o(-7).
-181
Let w(s) = s**3 - 34*s**2 - 1962*s + 68788. Determine w(38).
8
Let i(a) = -2*a**2 + 6*a - 86. What is i(4)?
-94
Let i(n) = -5660*n + 1267905. What is i(224)?
65
Let w(u) = 552*u**2 + 3359*u + 452. Calculate w(-6).
170
Let p(c) = -c**2 - 635*c - 29786. Calculate p(-52).
530
Let c(x) = 609143*x - 9137135. Calculate c(15).
10
Let l(f) = 416*f**2 + 284*f + 284. Calculate l(-1).
416
Let f(l) = 360*l**2 + 17*l + 11. What is f(-1)?
354
Let l(k) = 3*k**3 + 22*k**2 + 34*k + 5. Calculate l(-5).
10
Let d(g) = -120*g - 30478. What is d(-254)?
2
Let n(x) = -10*x**2 - 1065*x - 7399. Give n(-99).
26
Let m(j) = -109*j**3 - 9049*j**2 - 298*j - 10954. Calculate m(-83).
2
Let k(q) = 14664*q - 542263. Give k(37).
305
Let g(y) = -23373*y - 116383. Calculate g(-5).
482
Let d(w) = 987*w**2 + 1956*w - 10. Calculate d(-2).
26
Let d(m) = 4*m**2 - 647*m - 9108. Give d(174).
-582
Let f(t) = 24214*t**2 + 24198*t - 10. Calculate f(-1).
6
Let w(n) = -17*n**3 - 84*n**2 - 72*n - 395. Calculate w(-5).
-10
Let d(n) = -1109*n + 108720. What is d(98)?
38
Let g(d) = 7*d**2 - 880*d + 27499. Calculate g(58).
7
Let l(h) = -3607*h + 4746778. Calculate l(1316).
-34
Let n(t) = -4958*t + 44079. Give n(9).
-543
Let k(n) = 314*n + 17930. Give k(-57).
32
Let y(o) = 6*o**3 - 37*o**2 - 13*o + 4. Determine y(0).
4
Let a(o) = -837399*o - 18422778. What is a(-22)?
0
Let m(x) = 4*x**3 + x**2 + 46*x. Give m(-5).
-705
Let d(n) = n**3 + 12*n**2 - 2438*n - 33997. Give d(-14).
-257
Let a(s) = 2200*s + 13060. Calculate a(-6).
-140
Let o(p) = 8*p**2 - 98*p + 942. Give o(11).
832
Let k(z) = 10*z**2 + 33967*z - 33973. What is k(1)?
4
Let p(i) = 5*i**3 + 9*i**2 - 679*i - 2555. What is p(-4)?
-15
Let g(v) = -2*v**2 - 684*v - 44267. Determine g(-255).
103
Let t(h) = -2*h**3 + 270*h**2 - 532*h. Determine t(133).
0
Let v(k) = -69709*k - 1882144. Give v(-27).
-1
Let k(y) = -y**3 + 11*y**2 + 172*y + 317. Give k(-2).
25
Let z(t) = 73158*t + 438908. Give z(-6).
-40
Let u(r) = 2*r**2 - 233*r - 888. Calculate u(118).
-534
Let g(m) = -301949*m + 1509747. Determine g(5).
2
Let t(u) = -u**2 - 3499*u + 14050. Determine t(4).
38
Let l(t) = 3*t**2 + 396*t - 2904. Give l(-139).
15
Let x(c) = 2*c**3 - 39*c**2 + 32*c + 399. What is x(18)?
3
Let j(f) = -9909*f - 29699. Calculate j(-3).
28
Let x(u) = -u**2 + 1060*u + 26359. Determine x(-24).
343
Let d(c) = -c**2 - 262*c + 1934. What is d(7)?
51
Let n(c) = -2553*c + 25932. Determine n(10).
402
Let p(a) = -13*a**2 + 621*a - 5798. Determine p(25).
1602
Let l(m) = -167*m - 3959. Give l(-23).
-118
Let o(r) = 1988*r + 1743449. Calculate o(-877).
-27
Let b(x) = x**2 - 363*x + 23240. Give b(83).
0
Let n(i) = 117588*i - 14580916. Determine n(124).
-4
Let w(y) = -5*y**3 + 1235*y**2 - 94*y + 23208. What is w(247)?
-10
Let j(z) = -6384*z + 19094. Calculate j(3).
-58
Let w(u) = -20*u**3 - 9581*u**2 - 350*u + 61772. What is w(-479)?
-19
Let s(w) = 10*w**2 + 6*w + 72. Give s(0).
72
Let s(c) = 47*c**2 + 5681*c - 659. What is s(-121)?
67
Let w(v) = 11*v**3 + 169*v**2 + 57*v + 6. Calculate w(-15).
51
Let h(c) = -9*c**2 + 598*c + 15564. What is h(-20)?
4
Let g(z) = z**3 - 17*z**2 - 96*z - 132. What is g(-2)?
-16
Let v(f) = -29*f**3 - 6607*f**2 + 1141*f + 128. Determine v(-228).
-100
Let s(g) = -8*g**3 - 745*g**2 - 137*g - 4106. What is s(-93)?
-14
Let c(l) = -4*l**2 - 726*l - 22038. Give c(-39).
192
Let z(g) = -2*g**3 + 305*g**2 + 453*g + 1380. What is z(154)?
-6
Let a(q) = q**3 + 87*q**2 + 1519*q - 53. What is a(-24)?
-221
Let j(i) = 5224*i**2 - 1556756*i + 1190. Calculate j(298).
-2
Let f(s) = 5781*s + 57636. Determine f(-10).
-174
Let r(c) = 14*c**3 - 18*c**2 + 76*c + 21. Calculate r